-3*g + o + 1438. What are the prime factors of g?
7, 61
Let w = -7 - -3. Let d be ((-2)/3)/(w/(-102)). Let z = d + 29. List the prime factors of z.
2, 3
What are the prime factors of (-4)/10 - 28386/(-90)?
3, 5, 7
Let t(u) = -u**2 - 3*u + 1. Let z = -8 - -16. Suppose -4*g = -5*n + 2, n = -n + 4*g + z. List the prime factors of t(n).
3
Let t(v) be the first derivative of -v**3/3 - 5*v**2/2 + 5*v + 1. Let i be (1 - 13)*(-7)/(-21). List the prime factors of t(i).
3
Let q = -8 + -6. Let r = -8 - q. Let g(j) = j - 3. List the prime factors of g(r).
3
Let o be (56/7)/(-1 - -3). Suppose 0*f - 2*f - 4*k + 78 = 0, -o*f + 4*k = -132. List the prime factors of f.
5, 7
Suppose 2*y + 0*y - 142 = -4*q, 5*y - 15 = 0. Let s = 7 + q. Suppose 0 = -o - f + 9, 3*f = -6*o + o + s. List the prime factors of o.
7
Let l = 6 + -10. Let q = l - -7. List the prime factors of q.
3
Suppose 48 + 390 = 3*k. What are the prime factors of k?
2, 73
Let s = -57 - -113. List the prime factors of s.
2, 7
Let f = 1 - -1. Suppose 9*l = -0*l + 90. List the prime factors of f/(-5) - (-174)/l.
17
Let w = -16 + 83. List the prime factors of w.
67
Let o(m) = -2*m**3 - 4*m**2 - 3*m - 3. Let y be o(-3). Suppose l - 5*l = -y. What are the prime factors of (l/(-10))/(1/(-5))?
3
Suppose 4*f - 21 = -3*a, -2*a - 5*f = -4 - 17. Let s = 10 + a. List the prime factors of s.
13
Let c(s) = 16*s - 16. What are the prime factors of c(8)?
2, 7
Let r(n) = -n**2 + 4*n + 2. What are the prime factors of r(4)?
2
Let l(p) = -3*p + 4. What are the prime factors of l(-15)?
7
Suppose 5*y - 14*y = -1395. What are the prime factors of y?
5, 31
List the prime factors of 1 - (-35 - (-2 + 3)).
37
Let y be (-3)/12 + (-50)/(-8). Let k = y - 3. List the prime factors of k.
3
Let q(p) = 2*p**2. Let k(d) = -d**3 + 6*d**2 - d + 5. Let v be k(6). Let i be q(v). Suppose -f + 19 = -2*z, 53 = 3*f - i*z - 3*z. List the prime factors of f.
11
Let g(s) = s - 7. Let h be 2*1/(2/7). Let f be g(h). Suppose q + f = 3. List the prime factors of q.
3
What are the prime factors of (-5340)/(-16) - (-6)/24?
2, 167
Let o(q) = -q + 4. Let f be o(-6). Suppose 3*y - f = 5. What are the prime factors of y?
5
Let y = 17 + -7. Let x = y + -7. List the prime factors of x.
3
List the prime factors of -5 - -5 - (-7 + 0).
7
Suppose 0 = -6*y + 50 + 250. What are the prime factors of y?
2, 5
Suppose -3*l + 8*l + 4*k = 24, -3*k = 4*l - 19. Suppose 7*o - l*o = r - 15, -2*r - 3*o = -21. List the prime factors of r.
2, 3
Suppose -a - 14 + 90 = 0. Let y be a/6 + 3/9. Let b = -8 + y. What are the prime factors of b?
5
Suppose 2*y = y + 5. Suppose -38 = -2*s - 2*o, -3*o - 92 = -y*s - 7*o. Suppose f = 5*f + a - 45, 0 = f + 5*a - s. What are the prime factors of f?
11
Suppose 0 = -3*t + 4*v + 70, -t - 3*v = -2 - 4. List the prime factors of t.
2, 3
Let f(j) = -5*j - 1. Let q be f(-7). Suppose -3*p = 2*c - 21, -q = -3*c + p - 8. Let a = c + -6. What are the prime factors of a?
3
Let l = -14 - -34. List the prime factors of l.
2, 5
Suppose 5*w = -4*x + 1 - 6, -4*x = -w - 1. Suppose 9 = 3*b - x*b. What are the prime factors of b?
3
Let n(r) = 0*r + 5*r - 4*r + 4 + 0*r. List the prime factors of n(9).
13
Suppose -9*x + 96 = -5*x. What are the prime factors of x?
2, 3
Let j = 67 - 32. What are the prime factors of j?
5, 7
Let z = 8 + -4. Let c(w) = 1 + 7*w**2 + 0 + 2*w - z*w. List the prime factors of c(1).
2, 3
Suppose -m + 20 = -5. What are the prime factors of m?
5
Let o(l) be the first derivative of 3*l**2/2 - 2. Let w(r) = 2*r. Let q(s) = -5*o(s) + 7*w(s). What are the prime factors of q(-2)?
2
Let u = 94 + -35. List the prime factors of u.
59
Suppose 5*q = q. Suppose x + 4*x = 3*c - 50, q = 5*c - 2*x - 77. List the prime factors of c.
3, 5
Let b(w) = w**3 - 8*w**2 + 9*w - 12. List the prime factors of b(8).
2, 3, 5
Let p be 4/24 - (-791)/6. Suppose -u + p = 3*u. List the prime factors of u.
3, 11
Suppose -v + 11 = -4*o, o + 16 = v - 4*o. Let d be ((-22)/6 + 1)*6. Let p = v - d. What are the prime factors of p?
7
Let a be (3 + -2)*(0 + 3). Suppose a*x - 176 = -x + 2*c, 5*c = 5*x - 225. What are the prime factors of x?
43
Suppose -g + 78 = 2*p + 204, -4*g + 8 = 0. List the prime factors of (-2)/(-10) + p/(-5).
13
Let w = -4 - -7. Suppose -2*p + 29 = -0*p + w*d, -p + 2*d + 11 = 0. List the prime factors of p.
13
Let d = 2 - -16. Suppose -3*f - 6 = -x + d, 3*x = -f + 62. What are the prime factors of x?
3, 7
Let n = -9 + 14. Let p = n + -4. Let b = p + 10. What are the prime factors of b?
11
Let r(o) = -100*o - 10. What are the prime factors of r(-3)?
2, 5, 29
Let a = 18 + -12. Suppose -a*z + 16 = -2*z. Suppose -5*n = -z - 6, -5*n = 2*h - 30. List the prime factors of h.
2, 5
Suppose w + 3 - 24 = 0. What are the prime factors of 6/w + (-246)/(-21)?
2, 3
Suppose 45 = -5*w - 0*w - 5*m, -2*w + 5*m - 39 = 0. Suppose -3*q = 2*q + 50. What are the prime factors of (w/q)/(2/5)?
3
Suppose 0 = -3*v + 30 + 126. Suppose 6*z + v = 2*z. Let a = z - -26. List the prime factors of a.
13
Suppose 2*d = 1 + 3, l = 2*d + 6. List the prime factors of l.
2, 5
Let n be 1 + 3*2 - 2. Suppose 0 = -5*t + 5*v - 5, 2*t + 2*v = n*t. List the prime factors of ((-1)/t)/((-3)/18).
3
Suppose 6*f - 194 + 8 = 0. List the prime factors of f.
31
Let m be (-3)/(-4) + 34/8. Let i be (-1 - -2)/(1/7). What are the prime factors of i + (-2 - (2 - m))?
2
Let r = -107 + 199. List the prime factors of r.
2, 23
Let q = -214 - -336. What are the prime factors of q?
2, 61
Let c(n) = -4*n**3 + 8*n**2 - n + 8. Let l(b) = -b**3 - 1. Let p(r) = c(r) - 3*l(r). List the prime factors of p(8).
3
Let g(q) = q**3 + 3*q**2 + 4*q + 3. Suppose 3*p = 5*v + 19, 2*p + 7 = -2*v + 3*p. Let c be g(v). Let t = c - -9. What are the prime factors of t?
2
Suppose 0*w = w + 2. Let f be (5 + w)/(6/14). Let s = f - -1. List the prime factors of s.
2
Suppose -h = -3 - 0. Suppose -2*u - 2*u = -h*m - 20, -3*m - 5*u = 2. List the prime factors of 4/1*(m - -5).
2
Suppose -12*q + 7*q = -490. List the prime factors of q.
2, 7
Let n = 9 + 6. Suppose 0 + n = t. What are the prime factors of t?
3, 5
Let p = 20 + -8. Let l = p - 7. Suppose 2*j - 6*o + 2*o = 34, 3*j - 49 = l*o. List the prime factors of j.
13
Let o(f) = f**3 + 5*f**2 + f + 5. Let b be o(-5). Let p = b - 5. List the prime factors of (4 + p)/((-1)/7).
7
Let h(q) = q**3 - 7*q**2 - 6*q + 7. Let a = 16 - 8. What are the prime factors of h(a)?
23
Let h be ((-6)/15)/((-1)/110). Suppose -4*v - h = -9*v - t, 0 = 2*v + 4*t - 32. List the prime factors of v.
2
Let n = 31 - -1. List the prime factors of n.
2
Let w be (-2 - -3)*-11*19. Let g be (-6)/(-27) - w/(-9). List the prime factors of -3 - (g + 3 + 3).
2, 7
Let s(i) = -i**3 + i**2 + i + 2. Let r be s(2). Suppose 21 = -r*a + a. List the prime factors of 153/a - 2/7.
7
Suppose 2*o = 3*o - 4*m - 6, 4*m - 18 = -3*o. Let y = o + -4. Suppose 2*s - 30 = -5*u - 2, -3*s + 42 = -y*u. List the prime factors of s.
2, 7
Suppose -4*x + 10*x = 528. List the prime factors of x.
2, 11
Suppose -2*r + 158 = d, -5*r + 4*r + 464 = 3*d. What are the prime factors of d?
2, 7, 11
Suppose -l - 3 = -2*l. Suppose 4*t - l*j - 87 = 0, -2*j + 11 = 2*t + 3*j. List the prime factors of t.
2, 3
What are the prime factors of -4 - -6 - (1 + -1)?
2
Suppose -2 = -0*s - s. Suppose 3*a = -s*v + 5*a + 6, 15 = 2*v + a. List the prime factors of v.
2, 3
Let c(r) = r**2 - 11*r + 8. Suppose -4*b = -5*i + 50, 4*b - 3*b = 0. Let d be c(i). What are the prime factors of (1/d)/(1/(-24))?
2, 3
Let t(m) = -24*m**2 - m. Let g be t(1). Let q = 3 - -33. Let h = g + q. List the prime factors of h.
11
Suppose 5*a + 10 = 0, -4*b + 6*a = 2*a - 168. What are the prime factors of b?
2, 5
Suppose 4*r + 0*r + 9 = -5*f, -3*r - 2 = -f. Let b be 2/(-1 - f*2). Suppose -b*x = -5*g + 15, -4*x + 52 = 5*g + 7. What are the prime factors of x?
5
Suppose -7*z + 90 = -4*z. List the prime factors of z.
2, 3, 5
Suppose 0*k = k - 5*p, 32 = 4*k - 4*p. Let t(d) be the second derivative of d**4/12 - 5*d**3/3 + 7*d**2/2 + 4*d. List the prime factors of t(k).
7
Suppose -3*t - 25 - 1 = 5*r, -2*r = -2*t + 4. Let b be 11*t/4*-6. Suppose 4*x - x = b. What are the prime factors of x?
11
Let i = 36 - 22. List the prime factors of i.
2, 7
Let t = 30 - -17. List the prime factors of t.
47
Let m = 2 - -9. Let z = 23